{"id":239,"date":"2020-12-03T09:13:17","date_gmt":"2020-12-03T08:13:17","guid":{"rendered":"http:\/\/bournan.fr\/?page_id=239"},"modified":"2024-09-12T21:18:42","modified_gmt":"2024-09-12T19:18:42","slug":"ecole","status":"publish","type":"page","link":"https:\/\/bournan.fr\/?page_id=239","title":{"rendered":"\u00c9cole"},"content":{"rendered":"\n<div class=\"wp-block-columns is-layout-flex wp-container-core-columns-is-layout-9d6595d7 wp-block-columns-is-layout-flex\">\n<div class=\"wp-block-column is-layout-flow wp-block-column-is-layout-flow\">\n<h2 class=\"wp-block-heading\">R\u00e9partition<\/h2>\n\n\n\n<p><strong>Ann\u00e9e scolaire 2024-2025<\/strong><\/p>\n\n\n\n<p>Une classe : Petite section\/Moyenne Section : 2 rue Besland &#8211; 37240 Boss\u00e9e<br>\u0095&nbsp;T\u00e9l. 02.47.92.88.86<br>\u00e0&nbsp;Mail :&nbsp;<a href=\"mailto:ec-bossee@ac-orleans-tours.fr\" target=\"_blank\" rel=\"noreferrer noopener\">ec-bossee@ac-orleans-tours.fr<br><\/a>Directrice et Enseignante PS\/MS&nbsp; : Ludivine OUVRAD<\/p>\n\n\n\n<p>Deux classes : MS \/ GS et CP \/ CE1 : 18 rue Dang\u00e9 d&#8217;Orsay &#8211; 37240 La Chapelle-Blanche-Saint-Martin<br>\u0095&nbsp;T\u00e9l. 09.72.30.60.89<br>@Mail :&nbsp;<a href=\"mailto:ec-chapelle-blanche-saint-mart@ac-orleans-tours.fr\" target=\"_blank\" rel=\"noreferrer noopener\">ec-chapelle-blanche-saint-mart@ac-orleans-tours.fr<\/a><br>Enseignante des MS \/ GS : Lucie Bejon<br>Directrice et Enseignante des CP \/ CE1 : Katia Seigneurin<\/p>\n\n\n\n<p>Deux classes de CE1 \/ CE2 et CM1\/ CM2 : 20 rue Principale &#8211; 37240 Bournan<br>\u0095&nbsp;T\u00e9l. 02.47.59.93.84<br>\u00e0&nbsp;Mail :&nbsp;<a href=\"mailto:ec-bournan@ac-orleans-tours.fr\" target=\"_blank\" rel=\"noreferrer noopener\">ec-bournan@ac-orleans-tours.fr<\/a><br>Directeur et enseignant des CM1\/CM2 : Jean-No\u00ebl Michon<br>Enseignant des CE2\/CE2 : Emilie Archambault<\/p>\n\n\n\n<p><\/p>\n\n\n\n<p><\/p>\n\n\n\n<h2 class=\"wp-block-heading\">Horaires pour L&#8217;Ann\u00e9e scolaire 2024-2025<\/h2>\n\n\n\n<p>Chaque \u00e9cole du RPI a un horaire diff\u00e9rent li\u00e9 au ramassage scolaire et \u00e0 la r\u00e9forme des rythmes scolaires.<\/p>\n\n\n\n<h4 class=\"wp-block-heading\">Ecole de Boss\u00e9e :<\/h4>\n\n\n\n<ul class=\"wp-block-list\">\n<li>les lundis, mardis, jeudis et vendredis : 8h40- 12h00  \/   13h25 &#8211; 16h05<\/li>\n<\/ul>\n\n\n\n<p><\/p>\n\n\n\n<h4 class=\"wp-block-heading\">Ecole de La Chapelle-Blanche-Saint-Martin :<\/h4>\n\n\n\n<ul class=\"wp-block-list\">\n<li>les lundis, mardis, jeudis et vendredis : 8h40 &#8211; 12h15  \/  13h55 &#8211; 16h20<\/li>\n<\/ul>\n\n\n\n<h4 class=\"wp-block-heading\">Ecole de Bournan :<\/h4>\n\n\n\n<ul class=\"wp-block-list\">\n<li>les lundis, mardis, jeudis et vendredis : 8h30 &#8211; 12h05 \/ 13h30 -* 15h55<\/li>\n<\/ul>\n<\/div>\n<\/div>\n\n\n\n<p><\/p>\n","protected":false},"excerpt":{"rendered":"<p>R\u00e9partition Ann\u00e9e scolaire 2024-2025 Une classe : Petite section\/Moyenne Section : 2 rue Besland &#8211; 37240 Boss\u00e9e\u0095&nbsp;T\u00e9l. 02.47.92.88.86\u00e0&nbsp;Mail :&nbsp;ec-bossee@ac-orleans-tours.frDirectrice et Enseignante PS\/MS&nbsp; : Ludivine OUVRAD Deux classes : MS \/ GS et CP \/ CE1 : 18 rue Dang\u00e9 d&#8217;Orsay &#8211; 37240 La Chapelle-Blanche-Saint-Martin\u0095&nbsp;T\u00e9l. 09.72.30.60.89@Mail :&nbsp;ec-chapelle-blanche-saint-mart@ac-orleans-tours.frEnseignante des MS \/ GS : Lucie BejonDirectrice et Enseignante &#8230; <a title=\"\u00c9cole\" class=\"read-more\" href=\"https:\/\/bournan.fr\/?page_id=239\" aria-label=\"En savoir plus sur \u00c9cole\">Lire la suite<\/a><\/p>\n","protected":false},"author":1,"featured_media":0,"parent":0,"menu_order":0,"comment_status":"closed","ping_status":"closed","template":"","meta":{"ngg_post_thumbnail":0,"footnotes":""},"class_list":["post-239","page","type-page","status-publish"],"jetpack_sharing_enabled":true,"_links":{"self":[{"href":"https:\/\/bournan.fr\/index.php?rest_route=\/wp\/v2\/pages\/239","targetHints":{"allow":["GET"]}}],"collection":[{"href":"https:\/\/bournan.fr\/index.php?rest_route=\/wp\/v2\/pages"}],"about":[{"href":"https:\/\/bournan.fr\/index.php?rest_route=\/wp\/v2\/types\/page"}],"author":[{"embeddable":true,"href":"https:\/\/bournan.fr\/index.php?rest_route=\/wp\/v2\/users\/1"}],"replies":[{"embeddable":true,"href":"https:\/\/bournan.fr\/index.php?rest_route=%2Fwp%2Fv2%2Fcomments&post=239"}],"version-history":[{"count":7,"href":"https:\/\/bournan.fr\/index.php?rest_route=\/wp\/v2\/pages\/239\/revisions"}],"predecessor-version":[{"id":4523,"href":"https:\/\/bournan.fr\/index.php?rest_route=\/wp\/v2\/pages\/239\/revisions\/4523"}],"wp:attachment":[{"href":"https:\/\/bournan.fr\/index.php?rest_route=%2Fwp%2Fv2%2Fmedia&parent=239"}],"curies":[{"name":"wp","href":"https:\/\/api.w.org\/{rel}","templated":true}]}}