{"id":2794,"date":"2023-06-22T14:07:31","date_gmt":"2023-06-22T12:07:31","guid":{"rendered":"https:\/\/bournan.fr\/?page_id=2794"},"modified":"2023-07-04T16:47:43","modified_gmt":"2023-07-04T14:47:43","slug":"salle-des-fetes","status":"publish","type":"page","link":"https:\/\/bournan.fr\/?page_id=2794","title":{"rendered":"Salle des f\u00eates"},"content":{"rendered":"\n<div class=\"wp-block-columns is-layout-flex wp-container-core-columns-is-layout-9d6595d7 wp-block-columns-is-layout-flex\">\n<div class=\"wp-block-column is-layout-flow wp-block-column-is-layout-flow\">\n<pre class=\"wp-block-preformatted\">La salle des f\u00eates de Bournan est r\u00e9serv\u00e9e prioritairement aux particuliers, aux associations locales et aux \u00e9tablissements scolaires du RPI. \n\nLocation de la salle des f\u00eates     \"La Bournanaise\"\n\n\nR\u00e9sidants et propri\u00e9taires sur la commune de Bournan:\n1 journ\u00e9e : 130 \u20ac\n2 jours : 190 \u20ac\njourn\u00e9e suppl\u00e9mentaire : 90 \u20ac\nVin d'honneur : 40 \u20ac\n\n\nR\u00e9sidants hors Bournan :\n1 journ\u00e9e : 250 \u20ac\n2 jours : 340 \u20ac\njourn\u00e9e suppl\u00e9mentaire : 140 \u20ac\nvin d'honneur : 70 \u20ac\n<\/pre>\n<\/div>\n\n\n\n<div class=\"wp-block-column is-layout-flow wp-block-column-is-layout-flow\">\n<figure class=\"wp-block-image size-full\"><img data-recalc-dims=\"1\" loading=\"lazy\" decoding=\"async\" width=\"1000\" height=\"708\" src=\"https:\/\/i0.wp.com\/bournan.fr\/wp-content\/uploads\/2023\/06\/La-Bournanaise.jpg?resize=1000%2C708&#038;ssl=1\" alt=\"\" class=\"wp-image-2795\" srcset=\"https:\/\/i0.wp.com\/bournan.fr\/wp-content\/uploads\/2023\/06\/La-Bournanaise.jpg?w=1000&amp;ssl=1 1000w, https:\/\/i0.wp.com\/bournan.fr\/wp-content\/uploads\/2023\/06\/La-Bournanaise.jpg?resize=300%2C212&amp;ssl=1 300w, https:\/\/i0.wp.com\/bournan.fr\/wp-content\/uploads\/2023\/06\/La-Bournanaise.jpg?resize=768%2C544&amp;ssl=1 768w\" sizes=\"auto, (max-width: 1000px) 100vw, 1000px\" \/><\/figure>\n<\/div>\n<\/div>\n\n\n<div class=\"wp-block-jetpack-google-calendar\"><iframe loading=\"lazy\" src=\"https:\/\/calendar.google.com\/calendar\/embed?src=b2ac7a666067f63cb76b8579d0334e249dcaefb7b053bec78629cc0379fd16d7%40group.calendar.google.com&#038;ctz=Europe%2FParis\" frameborder=\"0\" style=\"border:0\" scrolling=\"no\" height=\"600\" width=\"100%\" sandbox=\"allow-scripts allow-same-origin allow-popups\"><\/iframe><\/div>","protected":false},"excerpt":{"rendered":"<p>La salle des f\u00eates de Bournan est r\u00e9serv\u00e9e prioritairement aux particuliers, aux associations locales et aux \u00e9tablissements scolaires du RPI. Location de la salle des f\u00eates &#8220;La Bournanaise&#8221; R\u00e9sidants et propri\u00e9taires sur la commune de Bournan: 1 journ\u00e9e : 130 \u20ac 2 jours : 190 \u20ac journ\u00e9e suppl\u00e9mentaire : 90 \u20ac Vin d&#8217;honneur : 40 &#8230; <a title=\"Salle des f\u00eates\" class=\"read-more\" href=\"https:\/\/bournan.fr\/?page_id=2794\" aria-label=\"En savoir plus sur Salle des f\u00eates\">Lire la suite<\/a><\/p>\n","protected":false},"author":1,"featured_media":0,"parent":0,"menu_order":0,"comment_status":"closed","ping_status":"closed","template":"","meta":{"ngg_post_thumbnail":0,"footnotes":""},"class_list":["post-2794","page","type-page","status-publish"],"jetpack_sharing_enabled":true,"_links":{"self":[{"href":"https:\/\/bournan.fr\/index.php?rest_route=\/wp\/v2\/pages\/2794","targetHints":{"allow":["GET"]}}],"collection":[{"href":"https:\/\/bournan.fr\/index.php?rest_route=\/wp\/v2\/pages"}],"about":[{"href":"https:\/\/bournan.fr\/index.php?rest_route=\/wp\/v2\/types\/page"}],"author":[{"embeddable":true,"href":"https:\/\/bournan.fr\/index.php?rest_route=\/wp\/v2\/users\/1"}],"replies":[{"embeddable":true,"href":"https:\/\/bournan.fr\/index.php?rest_route=%2Fwp%2Fv2%2Fcomments&post=2794"}],"version-history":[{"count":7,"href":"https:\/\/bournan.fr\/index.php?rest_route=\/wp\/v2\/pages\/2794\/revisions"}],"predecessor-version":[{"id":2834,"href":"https:\/\/bournan.fr\/index.php?rest_route=\/wp\/v2\/pages\/2794\/revisions\/2834"}],"wp:attachment":[{"href":"https:\/\/bournan.fr\/index.php?rest_route=%2Fwp%2Fv2%2Fmedia&parent=2794"}],"curies":[{"name":"wp","href":"https:\/\/api.w.org\/{rel}","templated":true}]}}

Salle des fêtes

<div class="wp-block-columns is-layout-flex wp-container-core-columns-is-layout-9d6595d7 wp-block-columns-is-layout-flex">
<div class="wp-block-column is-layout-flow wp-block-column-is-layout-flow">
<pre class="wp-block-preformatted">La salle des fêtes de Bournan est réservée prioritairement aux particuliers, aux associations locales et aux établissements scolaires du RPI. 

Location de la salle des fêtes     "La Bournanaise"


Résidants et propriétaires sur la commune de Bournan:
1 journée : 130 €
2 jours : 190 €
journée supplémentaire : 90 €
Vin d'honneur : 40 €


Résidants hors Bournan :
1 journée : 250 €
2 jours : 340 €
journée supplémentaire : 140 €
vin d'honneur : 70 €
</pre>
</div>



<div class="wp-block-column is-layout-flow wp-block-column-is-layout-flow">
<figure class="wp-block-image size-full"><img data-recalc-dims="1" loading="lazy" decoding="async" width="1000" height="708" src="https://i0.wp.com/bournan.fr/wp-content/uploads/2023/06/La-Bournanaise.jpg?resize=1000%2C708&#038;ssl=1" alt="" class="wp-image-2795" srcset="https://i0.wp.com/bournan.fr/wp-content/uploads/2023/06/La-Bournanaise.jpg?w=1000&amp;ssl=1 1000w, https://i0.wp.com/bournan.fr/wp-content/uploads/2023/06/La-Bournanaise.jpg?resize=300%2C212&amp;ssl=1 300w, https://i0.wp.com/bournan.fr/wp-content/uploads/2023/06/La-Bournanaise.jpg?resize=768%2C544&amp;ssl=1 768w" sizes="auto, (max-width: 1000px) 100vw, 1000px" /></figure>
</div>
</div>


<div class="wp-block-jetpack-google-calendar"><iframe loading="lazy" src="https://calendar.google.com/calendar/embed?src=b2ac7a666067f63cb76b8579d0334e249dcaefb7b053bec78629cc0379fd16d7%40group.calendar.google.com&#038;ctz=Europe%2FParis" frameborder="0" style="border:0" scrolling="no" height="600" width="100%" sandbox="allow-scripts allow-same-origin allow-popups"></iframe></div>

<p>La salle des fêtes de Bournan est réservée prioritairement aux particuliers, aux associations locales et aux établissements scolaires du RPI. Location de la salle des fêtes &#8220;La Bournanaise&#8221; Résidants et propriétaires sur la commune de Bournan: 1 journée : 130 € 2 jours : 190 € journée supplémentaire : 90 € Vin d&#8217;honneur : 40 &#8230; <a title="Salle des fêtes" class="read-more" href="https://bournan.fr/?page_id=2794" aria-label="En savoir plus sur Salle des fêtes">Lire la suite</a></p>
