{"id":3,"date":"2020-11-08T16:19:18","date_gmt":"2020-11-08T15:19:18","guid":{"rendered":"http:\/\/bournan.fr\/?page_id=3"},"modified":"2021-09-14T10:09:55","modified_gmt":"2021-09-14T08:09:55","slug":"environnement","status":"publish","type":"page","link":"https:\/\/bournan.fr\/?page_id=3","title":{"rendered":"Mentions"},"content":{"rendered":"\n<h2 class=\"wp-block-heading\">Qui sommes-nous&nbsp;?<\/h2>\n\n\n\n<p>L\u2019adresse de notre site Web est\u00a0: https:\/\/bournan.fr.<\/p>\n\n\n\n<p>C&#8217;est la commission &#8221;communication&#8221; du conseil municipal de Bournan qui g\u00e8re ce site (Aucun prestataire)<\/p>\n\n\n\n<h2 class=\"wp-block-heading\">Donn\u00e9es personnelles<\/h2>\n\n\n\n<pre class=\"wp-block-preformatted\">La commune de Bournan s'engage \u00e0 ce que la collecte et le traitement de vos donn\u00e9es, effectu\u00e9s \u00e0 partir du site www.bournan.fr dans l\u2019exercice de ses missions de services publics soient conformes au r\u00e8glement g\u00e9n\u00e9ral sur la protection des donn\u00e9es (RGPD) et \u00e0 la loi Informatique et Libert\u00e9s.\n\nChaque formulaire ou t\u00e9l\u00e9service limite la collecte des donn\u00e9es personnelles (coordonn\u00e9es, adresses \u00e9lectroniques) au strict n\u00e9cessaire (minimisation des donn\u00e9es).\n\nLes donn\u00e9es personnelles recueillies dans le cadre des services propos\u00e9s sur www.bournan.fr dans un but exclusivement de communication sont trait\u00e9es selon des protocoles s\u00e9curis\u00e9s et permettent \u00e0 la commune de Bournan de g\u00e9rer les demandes re\u00e7ues dans ses applications informatiques (abonnements aux lettres d\u2019information, formulaires de contact, ...). \n\nL\u2019\u00e9diteur du site (OVH) peut collecter de mani\u00e8re automatique certaines informations concernant l\u2019utilisateur lors d\u2019une simple navigation sur notre site Internet, notamment l\u2019adresse IP. Les donn\u00e9es personnelles collect\u00e9es sur www.bournan.fr sont exclusivement destin\u00e9es \u00e0 l\u2019\u00e9diteur du site.\n\nAucune donn\u00e9e personnelle n\u2019est c\u00e9d\u00e9e ou communiqu\u00e9e \u00e0 un tiers.\n\nConform\u00e9ment au RGPD et \u00e0 la loi Informatique et Libert\u00e9s, vous disposez d\u2019un droit d\u2019acc\u00e8s, de rectification et d\u2019effacement des donn\u00e9es qui vous concernent.\nPour les exercer, merci d\u2019adresser votre demande accompagn\u00e9e d\u2019une copie d\u2019une pi\u00e8ce d\u2019identit\u00e9.\n\n-\tPar voie postale : D\u00e9l\u00e9gu\u00e9 \u00e0 la protection des donn\u00e9es Communaut\u00e9 de Communes Loches Sud Touraine 12 avenue de la Libert\u00e9 \u2013 37600 LOCHES\n-\tPar courriel : protectiondesdonnees@lochessudtouraine.com\n\nPour plus d\u2019informations, vous pouvez consultez le site de la Commission nationale de l\u2019informatique et des libert\u00e9s (CNIL) : www.cnil.fr\n<\/pre>\n","protected":false},"excerpt":{"rendered":"<p>Qui sommes-nous&nbsp;? L\u2019adresse de notre site Web est\u00a0: https:\/\/bournan.fr. C&#8217;est la commission &#8221;communication&#8221; du conseil municipal de Bournan qui g\u00e8re ce site (Aucun prestataire) Donn\u00e9es personnelles La commune de Bournan s&#8217;engage \u00e0 ce que la collecte et le traitement de vos donn\u00e9es, effectu\u00e9s \u00e0 partir du site www.bournan.fr dans l\u2019exercice de ses missions de services &#8230; <a title=\"Mentions\" class=\"read-more\" href=\"https:\/\/bournan.fr\/?page_id=3\" aria-label=\"En savoir plus sur Mentions\">Lire la suite<\/a><\/p>\n","protected":false},"author":1,"featured_media":0,"parent":0,"menu_order":0,"comment_status":"closed","ping_status":"closed","template":"","meta":{"ngg_post_thumbnail":0,"footnotes":""},"class_list":["post-3","page","type-page","status-publish"],"jetpack_sharing_enabled":true,"_links":{"self":[{"href":"https:\/\/bournan.fr\/index.php?rest_route=\/wp\/v2\/pages\/3","targetHints":{"allow":["GET"]}}],"collection":[{"href":"https:\/\/bournan.fr\/index.php?rest_route=\/wp\/v2\/pages"}],"about":[{"href":"https:\/\/bournan.fr\/index.php?rest_route=\/wp\/v2\/types\/page"}],"author":[{"embeddable":true,"href":"https:\/\/bournan.fr\/index.php?rest_route=\/wp\/v2\/users\/1"}],"replies":[{"embeddable":true,"href":"https:\/\/bournan.fr\/index.php?rest_route=%2Fwp%2Fv2%2Fcomments&post=3"}],"version-history":[{"count":5,"href":"https:\/\/bournan.fr\/index.php?rest_route=\/wp\/v2\/pages\/3\/revisions"}],"predecessor-version":[{"id":1319,"href":"https:\/\/bournan.fr\/index.php?rest_route=\/wp\/v2\/pages\/3\/revisions\/1319"}],"wp:attachment":[{"href":"https:\/\/bournan.fr\/index.php?rest_route=%2Fwp%2Fv2%2Fmedia&parent=3"}],"curies":[{"name":"wp","href":"https:\/\/api.w.org\/{rel}","templated":true}]}}